ppose -u*j = j. List the prime factors of j*2/6 + 2.
2
Suppose -4 = 3*o + 2. Let m be ((-6)/(-4))/(o/(-4)). Suppose 2*h + 2 = -f + 15, f - 19 = -m*h. List the prime factors of h.
2, 3
What are the prime factors of 3 + (1 - 58)/(-1)?
2, 3, 5
Let o(g) = g**2 - 6*g. Let x be o(5). List the prime factors of (-992)/(-20) - 2/x.
2, 5
Suppose -4*a = 34 - 270. Let d be (0 - -2) + -1 + 2. Suppose -4*r + 32 = -2*r + 2*l, -d*l = 4*r - a. What are the prime factors of r?
11
Let q(d) = -d**3 - 11*d**2 + 8*d - 5. Let g be q(-12). Suppose -h = 2*s - 6*s + g, -3*h - 45 = -5*s. What are the prime factors of s?
2, 3
Let s be (-4)/(-14) - (-36)/21. Suppose 3*l = -s*l + 3*z + 66, -4*l + z = -57. What are the prime factors of l?
3, 5
Suppose 1 = c - 0, -5*b - c = -276. What are the prime factors of b?
5, 11
Suppose 10 - 30 = -2*k. Suppose 0 = -2*a + k. Suppose 7 = 4*x - a. What are the prime factors of x?
3
Let u = -23 - -69. What are the prime factors of u?
2, 23
Let y = -5 + 5. List the prime factors of 3/(-1*(-1 - y)).
3
Let z(x) be the second derivative of x**4/12 + x**3/2 - 3*x**2 + 2*x. List the prime factors of z(-5).
2
Let w = 137 - 38. Let q = w - 66. What are the prime factors of q?
3, 11
What are the prime factors of (-3)/(-66)*-4 - (-4364)/44?
3, 11
Suppose -u = 5*u - 48. Let t = u - -11. What are the prime factors of t?
19
Let c be 3 - 2 - (0 + 21). Let n = c + 11. What are the prime factors of (n/6)/((-9)/60)?
2, 5
Let f(h) = -h**3 + 6*h**2 + 6*h + 3. Let w be f(7). Let l(b) = -3*b + 1 - 6 + 2. List the prime factors of l(w).
3
Let o(f) = 11*f - 2. Let b be o(2). Suppose b - 8 = 3*h. Suppose k = -h*y + 6*k + 26, -31 = -3*y - 2*k. What are the prime factors of y?
3
Let h be 1 + 2 - 0/(-6). Suppose 5*n - 120 = -5*s, -n - 2*s = h*s - 40. List the prime factors of n.
2, 5
Let m = -5 - -21. Suppose -4*o = m - 48. List the prime factors of o.
2
Suppose q = -3*q. Let b be 2/(-2)*-3 - q. Suppose -2*z = -4, -38 = 4*s - 6*s + b*z. List the prime factors of s.
2, 11
Let j = -11 + 20. What are the prime factors of 1/(-1) + (j - -1)?
3
Let o = 13 + -8. Suppose -o*h - 3*w = -w - 101, 4*w + 50 = 2*h. What are the prime factors of h?
3, 7
Suppose y = 4*k + 2, -2 + 0 = 3*y - 4*k. What are the prime factors of 0/y*1 + 6?
2, 3
Suppose 576 = 3*x + 5*x. What are the prime factors of x?
2, 3
Suppose 12*l - 510 = 9*l. What are the prime factors of l?
2, 5, 17
Suppose 4*y + 131 = -5*g, -5*y + 0*g = -g + 142. Let l = y - -48. Let o = l + -7. What are the prime factors of o?
2, 3
Let u be 36/30*(-40)/(-6). Let p = u + -5. Suppose x + 35 = 3*i, p*i - 2*x = -i + 50. List the prime factors of i.
2, 5
Let l(y) = 2*y**2 + 5*y - 9. What are the prime factors of l(-6)?
3, 11
Let t(y) = y**2 - 7*y + 4. Suppose 3*m - 7 - 14 = 0. Let d be t(m). List the prime factors of (0 - 1/(-1)) + d.
5
Let s be (-2 - (-3)/(-3))*1. Let p be (-5 + 5)/(1 + s). Suppose 20 = o + 5*w, -3*o = -p*o + 5*w - 50. List the prime factors of o.
3, 5
Let r = 183 + -41. List the prime factors of r.
2, 71
Let v be 1*(-4 - 6/3). Let s(z) = -z - 12. Let x be s(v). What are the prime factors of (-226)/(-10) + x/10?
2, 11
Let a = 4 - 2. Suppose 0 = a*b + 5*g - 1, 3*g - 4*g + 21 = 2*b. List the prime factors of b.
13
Suppose 11*f - 9*f = 80. What are the prime factors of f?
2, 5
Let f = -10 + 2. Let q(u) be the second derivative of -u**3/6 - 5*u**2/2 + u. What are the prime factors of q(f)?
3
Let m(h) = -h**3 - 3*h**2 + 5*h + 3. Let n = -2 - 2. Let s be m(n). Let y(o) = 2*o**2 - o. What are the prime factors of y(s)?
3
Suppose 9*r - 8*r + 1 = 0. What are the prime factors of (56/16)/(r/(-2))?
7
Let q be 3/(-2)*4/(-2). Suppose 4*n + q*c = -4, 2*n - 8 - 12 = 4*c. Suppose -3*a + 7 + n = 0. List the prime factors of a.
3
Let y be (-3)/(-6) - 14/(-4). Suppose -y*r - r = -25. List the prime factors of r.
5
Let d = 2 + 1. Suppose 7*l = 3*l + 20. Suppose l*k - 13 = -d. What are the prime factors of k?
2
Suppose 2*x - 24 = -4*d, -3*x + 0*x - 5*d + 32 = 0. What are the prime factors of x?
2
Suppose 0 = j + j. Let y be (-14)/(0 + -2) + -2. Let p = y + j. What are the prime factors of p?
5
Let n(x) = -x**3 + 8*x**2 - x + 8. Let p be n(8). Let q = 3 - p. Suppose 0 = o, q*l + 4*o - 19 - 14 = 0. List the prime factors of l.
11
List the prime factors of 1/(((-3)/6)/((-31)/2)).
31
Let h = 42 + -20. What are the prime factors of h?
2, 11
Let w(x) = -5*x - 11. List the prime factors of w(-8).
29
Let b(h) = h + 11. Let n be b(-9). Suppose f - 1 = 3*v, 4*f + 7*v - 55 = n*v. Let k = f + -6. What are the prime factors of k?
2
Let v(h) = h**3 - 14*h**2 - 6*h - 8. What are the prime factors of v(15)?
127
Suppose -t = i - 9, t - 18 = 5*i + 3. Let c = 29 - t. List the prime factors of c.
2, 3
Let l(s) = s - 4. Let p be l(8). Suppose -p*i + 42 = 3*a - 15, -3*i - 4*a + 48 = 0. List the prime factors of i.
2, 3
Suppose 0 = j - 2 - 2. Let r(x) = x**3 - 4*x**2 + 4*x - 3. Let a be r(j). Suppose -3*i + g = 5*g - 5, 3*i + 2*g = a. List the prime factors of i.
7
Let j(k) = k**3 + 10*k**2 - 3*k - 6. List the prime factors of j(-10).
2, 3
Let b(w) = -w**3 + 12*w**2 - 15*w + 6. List the prime factors of b(10).
2, 7
Let y be 0/(1 - 3/(-3)). What are the prime factors of (43 + -2)/(1 + y)?
41
Suppose 0 = -3*w + 3 - 0. What are the prime factors of w + 2 - (-12)/2?
3
Let r = -101 - -145. What are the prime factors of r?
2, 11
Let q(x) = -x**3 - 3*x**2 + 4*x - 1. Let m be q(-4). Let y be (m + (-2)/(-4))*-2. Suppose 0*u - 5*t = -5*u + 65, -u + y = -5*t. List the prime factors of u.
2
Let s(f) = 4*f + 26. What are the prime factors of s(15)?
2, 43
Suppose f = 3*f + 16. Let d = f - -10. List the prime factors of (-5)/d*(-2 + 0).
5
Suppose -13*o + 2240 = o. List the prime factors of o.
2, 5
Let q(w) = -w**2 + 14*w - 8. Let b be q(13). Suppose 0 = -b*s + 25, 5*s + 1 = 3*h - 1. What are the prime factors of h?
3
Suppose 16 = 4*d, 2*d - 5*d = 3*q - 33. Suppose 4*y + 12 = 5*c, q*y = -3*c + 4*y + 18. List the prime factors of c.
2
Let f be 2/(15/(-6) + 3). Suppose -f*x + 0*d + 20 = 3*d, x - 5 = 3*d. List the prime factors of x.
5
Let j be ((-8)/10)/(3/(-15)). Suppose 6 = s - j*s. What are the prime factors of s/4 - (-21)/6?
3
What are the prime factors of -2 - -19 - (-1 + 0)?
2, 3
Let d = 12 - 7. Suppose 0 = d*i - 20. What are the prime factors of i?
2
Let i(x) = -x**3 + 9*x**2 - 3*x + 1. List the prime factors of i(8).
41
Suppose -3*f = -4*h - 19 - 3, 4*f - 4*h = 28. Suppose 3*i = f, -n - 4*i + 18 = -0*n. Suppose -5*q + 0*q + n = 0. List the prime factors of q.
2
Let s(c) = c**3 - 9*c**2 - 10*c + 4. Let m be (-59)/(-6) + (-1)/(-6). What are the prime factors of s(m)?
2
Let p(j) = j**2 + j + 2. Suppose -6*u + 4*u = -6. Let f be u/(-6) + 21/(-6). What are the prime factors of p(f)?
2, 7
Suppose -p - 20 = -3*g + 146, 0 = g + 4*p - 77. Suppose 4*u = 4*q - 61 + 9, -g = -5*q + u. What are the prime factors of q?
11
Let x(n) = 3*n**2 - 3. Let c be x(-4). Let g = c + -19. What are the prime factors of g?
2, 13
Let z(p) = p + 6. Let g be z(-4). Suppose 2*s - 34 = 5*k, 2*s = -3*k + 16 + g. What are the prime factors of s?
2, 3
Let z(m) = -5*m + 3*m - m**2 - m + 3. Let j be z(-3). Suppose -7 = -j*t + 2*t. List the prime factors of t.
7
Suppose 2*r = 4*r - 6. Suppose 5*j = 4*x + 13, -j + 2*x = r*j - 14. List the prime factors of j.
5
Let f(s) = 2*s - 8 - 8*s + s + s**2. Suppose -j - 2*g = -0*g - 3, 3*j + 3*g = 15. List the prime factors of f(j).
2, 3
Suppose -p - 2 = -3*j + p, 0 = -5*j - 4*p + 18. Suppose 4*g = -2*i - 24, j*g - 7 = -3. Let y = -8 - i. List the prime factors of y.
2
Let h(b) = -3*b - 1. Let r be h(-2). Suppose 0 = -r*p - 13 + 28. What are the prime factors of p?
3
Let k be -6 - -4 - (-2)/1. Suppose k*o = 4*i + 3*o - 144, -o = -4. List the prime factors of i.
3, 11
Suppose 0 = -2*p + 2 + 4. What are the prime factors of 4/(-2)*-1 + p?
5
Let k(l) = l**2 + l + 3. Let j be k(0). Suppose -3*f + c = -128 - 34, j*f = -4*c + 177. What are the prime factors of f?
5, 11
Let u(n) = n + 2. Let t be u(0). Suppose t*w - g - 45 = 2*g, 3*w - 100 = -2*g. What are the prime factors of w?
2, 3, 5
Suppose -24 = -2*z - k, z + 0*z - k - 6 = 0. Let p = z + 4. What are the prime factors of p?
2, 7
Let s(d) = d**3 + 9*d**2 + 5*d + 12. List the prime factors of s(-8).
2, 3
Suppose 2*z -